ighest common factor of 194 and v?
2
Suppose 40*x + 7*x = 46624. Let f = -958 + x. Calculate the greatest common divisor of 1088 and f.
34
Suppose 0*f - 12 = 3*f. Let b be (-88)/(-2)*f*2/(-16). Calculate the highest common factor of 22 and b.
22
Let m be (-8)/(-20) + 96/(-15) + 166 + 1576. What is the highest common divisor of m and 35?
7
Let a be 37176/22 + 1 + (-54)/11583*-39. What is the greatest common factor of 38 and a?
19
Let h = -269 - -322. Suppose h = -18*u + 2933. Suppose 3*o - 16 = 44. Calculate the highest common factor of u and o.
20
Let m be (-8)/(-14) - 63/(-147) - -167. What is the greatest common divisor of 546 and m?
42
Let m(n) = n**3 + 30*n**2 + 49*n - 4. Let z be m(-9). What is the greatest common divisor of 785 and z?
157
Let w = 181 - 127. What is the highest common divisor of 9099 and w?
27
Suppose 2*u - 3*u + 4909 = 4*r, 4*r - 14719 = -3*u. What is the greatest common divisor of 150 and u?
15
Let v(m) = 4*m**2 + 61*m + 282. Let s be v(-5). Calculate the highest common divisor of 13937 and s.
77
Suppose -9*c + 44 = -7*c - 4*y, 11*c - 204 = 3*y. Calculate the highest common factor of 30 and c.
6
Suppose s = -3, -65*y + 3*s + 25 = -63*y. Calculate the highest common divisor of 14 and y.
2
Let m(r) = 6*r**3 + 236*r**2 + 3*r - 128. Let i be m(-38). Calculate the greatest common factor of 145 and i.
145
Suppose 4*n - 12*p - 7102 = -17*p, 3*n - 5*p - 5274 = 0. What is the greatest common divisor of n and 544?
136
Suppose 10*p - 116 = -76. Suppose -p*g - q + 155 = 0, -5*q - 4 - 21 = 0. Calculate the highest common factor of 24 and g.
8
Suppose 11*w - 106*w = -81510. Let p = -49 + 127. Calculate the highest common divisor of w and p.
78
Let u(d) = 5*d**2 - 84 + 33 - 69 - 8*d + 35 - 47. Let r be u(-10). What is the highest common divisor of 16 and r?
16
Let k(x) = 5*x - 8 - 8 + 18 - 7. Let q be k(6). Let c(d) = d**2 - 25*d + 161. Let i be c(17). Calculate the greatest common factor of i and q.
25
Suppose -209*x = -233*x + 795 + 4101. Calculate the highest common factor of 2397 and x.
51
Let l = 193 - -23. Let g(z) = -z**3 - 34*z**2 + 10*z + 367. Let f be g(-34). Calculate the highest common factor of l and f.
27
Let t be ((-17)/3)/(1 - 4/3). Suppose t + 16 = n + j, -165 = -5*n + 3*j. What is the highest common divisor of n and 55?
11
Let y be 1*3/(-15) - 5049/(-45). What is the highest common divisor of y and 301?
7
Suppose 1528 - 174 + 758 = 22*f. Suppose 2*a - 19 - 45 = 0. Calculate the highest common divisor of f and a.
32
Let h(w) = 32*w - 65. Let r be h(2). Let z be -8 + -2*18/r. What is the greatest common divisor of 532 and z?
28
Let c be (-600)/(-105)*56/4. Suppose -10*w = -5*w - 80. Calculate the highest common divisor of w and c.
16
Suppose 3*i - 9 = -3*m, -5*m + 3*m + 21 = -i. Let t be -5*28/m*(-168)/20. What is the greatest common divisor of t and 21?
21
Let t be (12/42)/1 + (-78)/(-21). Let o be 2/(t + 191/(-48)). What is the greatest common factor of o and 12?
12
Suppose 341 + 142 = 21*u. Calculate the greatest common divisor of 2599 and u.
23
Let w = 23 - 14. Let o = 18 - w. Suppose 5*d - r = 86, -5*r + o = -11. Calculate the greatest common factor of 144 and d.
18
Let c = -12287 + 12314. What is the highest common factor of c and 4077?
27
Let w be 318/(-424) + 4797/12. Calculate the highest common factor of 2261 and w.
133
Let p(n) = 9*n**2 - 7*n**2 - 26*n - 15*n**2 - n**3 - 2*n**2 + 3. Let w be p(-13). Calculate the greatest common divisor of 1 and w.
1
Let t = 30 + -62. Let j = -8 - t. Let n = 7 - -5. Calculate the highest common factor of j and n.
12
Suppose -160*d - 135 = -161*d. Suppose 0 = l + 2*z - d, 2*l + 2*z = z + 270. Calculate the highest common divisor of l and 15.
15
Suppose -24 + 84 = 4*g - 5*t, 5*g - 5*t = 75. Suppose -11*v - 1344 = -g*v. Calculate the highest common divisor of v and 48.
48
Suppose -4*x - 3*c = 10, -2*c + 7*c + 6 = -4*x. Let z be (2/x)/(3 + (-1263)/420). What is the greatest common divisor of 56 and z?
14
Suppose -508 = 22*c - 26*c + 4*m, -3*c - 4*m = -402. Suppose -c = 1074*u - 1079*u. What is the highest common divisor of 533 and u?
13
Suppose -f = 4*f - 1560. Let b be -8 + (-1)/((-11)/253). Suppose 2*g - 11*d + b*d - 66 = 0, -5*d = 15. Calculate the highest common divisor of g and f.
39
Let j(c) = -2*c**2 + 24*c + 60. Let r be j(14). Suppose -3*v = -2*s - 0*s - 1106, -1102 = -3*v + r*s. Calculate the highest common factor of v and 10.
10
Let j = 21196 + -20626. Calculate the greatest common divisor of 2337 and j.
57
Suppose -4*a - 46 = -2*y, 22*y + 2*a - 142 = 18*y. What is the greatest common divisor of 231 and y?
33
Let x be (-2)/(2/(-135)) + -3. Let k be 12/28 + (584/(-7) - -2). Let w = k - -169. What is the greatest common divisor of w and x?
44
Suppose -2*j = -y - 123, -3*y = -2*j + 81 + 48. What is the greatest common factor of j and 2300?
20
Suppose 7*u - 57 = 6*u. Suppose -52*s - 1305 = -u*s. What is the highest common divisor of 27 and s?
9
Let i be ((-38)/((-2736)/62910))/(2/16). Calculate the greatest common divisor of 210 and i.
30
Suppose -2*k = -4*b + 10 + 4, 0 = -2*k + 2*b - 14. Let t be 2 + (13 - (k - -5)). What is the highest common factor of t and 153?
17
Let z(i) = -2*i**2 + 2*i - 3. Let t be z(1). Let q(y) = -12*y - 18. Let l be q(t). Suppose -l*b + 12*b = -216. What is the highest common divisor of b and 48?
12
Let m be (-24)/20 + (-4)/5. Let c be (2 + 0 - 0)/(m/93). Let u = 241 + c. Calculate the greatest common divisor of 37 and u.
37
Suppose -q = -4*i + 34, -5*i = -4*q + 2 - 61. Calculate the greatest common divisor of 28 and i.
7
Let p(u) = -11*u**3 - 29*u**2 + 9*u - 6. Let q be p(-4). Calculate the greatest common factor of q and 330.
66
Let x = -4 + -46. Let o = -34 - x. Let a = 34 - -6. Calculate the highest common divisor of a and o.
8
Let h(g) = 41*g**2 + 99*g - 1226. Let j be h(11). What is the greatest common factor of 72 and j?
72
Let t be 7/2*(-9 + 11) - -5. Calculate the highest common factor of t and 28.
4
Let l(g) = 2*g**2 + 7*g - 39. Let n be l(-7). Suppose -5*d - n = 0, 4*d - d = 2*o - 86. What is the highest common factor of 64 and o?
8
Let z = 99 - 44. Suppose -b = -5*i + z, -38 = -4*i + 4*b + 22. Calculate the highest common factor of i and 10.
10
Let c = 421 + -406. Let j be -4 - -1 - (c + -7 + -51). Calculate the highest common divisor of j and 520.
40
Suppose -15*j - 26*j + 4370 + 43354 = 0. What is the highest common divisor of j and 12?
12
Suppose -4359 = 7*y - 5360. What is the greatest common factor of y and 880?
11
Let g be (-2516)/(-14) + (-6)/(-21). Suppose k + 3*q - 5 = 0, 3*q - 2 = -5*k + 11. Suppose 0 = k*x - 11*x + 180. What is the greatest common factor of g and x?
20
Suppose 0 = -4*y - 17 + 101. Suppose y*a - 7*a = 28. Suppose 3*q - 25 = c - 5*c, -c = -a*q + 24. Calculate the highest common divisor of 11 and q.
11
Let y be (3486/(-168) + 21)*(-5)/(5/(-48)). Suppose -u + b + 295 = 0, 4*u - 5*b + 0*b - 1175 = 0. Calculate the highest common divisor of y and u.
12
Suppose -230*f + 108*f = -113*f - 41850. What is the highest common factor of 682 and f?
62
Let b be (4/8)/(4/208). Suppose 15 = 5*u, -8*i + 1221 = -5*i + 4*u. What is the highest common factor of b and i?
13
Suppose 2*t - 242 = -5*y, -5*y - 4*t + 143 + 101 = 0. What is the highest common factor of y and 20448?
48
Let q be 366/122 - (1/1 - 679). Suppose -5*p + 54 = -q. What is the greatest common divisor of p and 49?
49
Let i(v) = -v**3 + 9*v**2 - 13*v - 10. Let o be i(7). Let u be 294*o/(-12) + 6/(-4). Calculate the greatest common divisor of 36 and u.
36
Suppose 0*z = 2*z - 8. Suppose -6 = -z*n + 2. Let r(t) = 7*t**2 + 4. Let w be r(n). What is the greatest common divisor of 16 and w?
16
Suppose -60*m = -57*m - 54. Suppose -m*k + 23*k = -5*t + 115, -2 = -t. Calculate the greatest common divisor of k and 315.
21
Let u = 34031 + -20578. What is the greatest common factor of u and 33?
11
Let f be (-473)/(-4) + (-511)/(-292). Calculate the highest common factor of f and 4230.
30
Let m(f) = 350*f + 4530. Let i be m(-12). Calculate the greatest common factor of 240 and i.
30
Suppose 2*v - 1989 = -955. Let s = -2 + 13. Calculate the highest common factor of v and s.
11
Suppose 3*t = 15, t = 5*s - t. Let n be (-2 + 12/4)*58/s. Calculate the greatest common divisor